*f. Let o be q*(f - -2) - -5. Give d(o).
-8
Let j(p) = 2*p - 3. Let s(n) = -2*n + 2. Let u(o) = 4*j(o) + 5*s(o). Let b be 10/4*(-54)/45. Let m be u(b). Let i(z) = -z - 3. Give i(m).
-7
Let x be 3/3 + (2 - 1). Let f(d) = -d**2 + 5*d - 4. Let g be f(3). Let l(i) = g*i + 3 - 2 - 3*i. Calculate l(x).
-1
Let s(h) = -2*h. Let y(f) = f. Let x(b) = -s(b) - 3*y(b). Suppose 0 = -9*w + 24 + 3. What is x(w)?
-3
Let h(i) be the first derivative of -i**2/2 + 5*i - 1273. Let v(u) = -u**3 - 3*u**2 + 6*u - 7. Let q be v(-5). Let c = q - 5. Determine h(c).
-3
Let s(v) = v**3 + 5*v**2 + 3*v + 4. Let c(w) = 2*w - 6. Let p be c(4). Let a be -2 + -3*(1 - (2 - p)). Give s(a).
-11
Let i(p) be the third derivative of p**4/24 + 2*p**3/3 + p**2. Suppose 1 = -4*a + 5, a = 3*g - 8. Suppose g*u = 6*u + 9. Determine i(u).
1
Let o(g) = 2*g**3 - g**2 + g + 1. Let i(t) = 11*t**3 + 6*t**2 - 8*t + 24. Let f(d) = i(d) - 6*o(d). Calculate f(11).
-15
Let k(q) = q**3 - 22*q**2 - 6*q + 134. Let s be k(22). Let u(f) = 6*f**2 + 2*f - 10. Determine u(s).
18
Let y(t) = t**2 - t - 4. Suppose 0 = 2*b - 6. Let q be y(b). Suppose -2*r + 3 = -1, -22 = -3*m - q*r. Let j(z) = z**2 - 6*z - 5. Determine j(m).
-5
Let d(b) = b + 9. Let k be 1/(-18) + (-122)/(-2196). What is d(k)?
9
Let r(n) = -6*n**2 - 9*n - 9. Let l(j) = 5*j**2 + 8*j + 8. Let h be 1/(-2)*(-1 + 11). Let d(u) = h*l(u) - 4*r(u). Let k = 475 - 478. Determine d(k).
-1
Let n be 35 + 5 + -1 + -5. Let w(q) = -3*q**3 + 3 - 1 - 3*q**2 + n*q + 5*q**3 - 36*q. What is w(-2)?
-22
Suppose 0 = 3*n - 0 + 6. Let r be (-1)/n*(-10)/(-1). Let t be (-8)/10 + (-21)/r. Let m(c) = c**3 + 6*c**2 + 4*c - 3. What is m(t)?
2
Let z(k) = -10*k**2 + 10 + k - 4 + 7*k**2 + k**3 - 3. Determine z(3).
6
Suppose 2*a = -g + 5*a + 16, -28 = -4*g + 3*a. Suppose 0 = -5*d + 4*h - 5 - 0, 0 = -g*d - 2*h + 22. Let r(v) = 0*v + 5 - d*v - 4. Calculate r(2).
-5
Let h(s) = 17 - 6 + 4*s - 2*s**3 - 15 + 2*s**2. What is h(3)?
-28
Let m(r) = -2 - 6*r**2 + 2 + 1 + 2*r + 0*r**2. Give m(-1).
-7
Suppose 14 = -3*j + 4*j - 2*z, j + 2*z = -2. Suppose -7 = -i - 6. Let d(p) = -3 + 6*p - i + 8 - 4*p. Determine d(j).
16
Let n(s) = -24 - 16*s**3 - s**2 + 64 + 15*s**3 - s. What is n(0)?
40
Let g(a) = -3*a - 6. Let f(v) = v**3 - 10*v**2 + 6*v + 2. Let z be f(8). Let w = -49 - z. Suppose h + 4 = k - 5, w = -h + 5*k. What is g(h)?
6
Let l(f) = -2*f**3 + 31*f**2 + 2*f + 19. Let s(c) = c**3 - 17*c**2 - c - 10. Let x(v) = -6*l(v) - 11*s(v). Calculate x(0).
-4
Let s(r) = -r - 7. Let b be 30/(-50) + (-104)/10. What is s(b)?
4
Let p(q) = 2*q + 7. Let i(l) = -9*l + 1. Let z(c) = 13 - 4*c - c - 12. Let u(y) = 4*i(y) - 7*z(y). Let t(n) = 2*p(n) + 5*u(n). Determine t(-1).
0
Let m be 28/6 - 1/(-3). Let l(s) = 20*s**2 - 13*s + 5. Let o(k) = -37*k**2 + 25*k - 9. Let t(z) = 11*l(z) + 6*o(z). Calculate t(m).
-14
Let l(b) = -24*b - 124. Let a be l(-5). Let d(p) = -2*p**2 + 4*p + 6. Give d(a).
-42
Let x(m) = 32*m**2 + 1. Suppose 3*s - 3*c + 5 = -s, -c = s - 4. Calculate x(s).
33
Let r(y) = 5*y + 7. Let z(h) = 7*h + 8. Let a(s) = -4*r(s) + 3*z(s). Let g(w) = w + 13. Let f be g(-6). Determine a(f).
3
Let o(k) = 7*k**2 + 7*k + 7. Let j(r) = 7*r**2 + 6*r + 6. Let x(y) = 7*j(y) - 6*o(y). Suppose -155*v - 17 = -112*v + 26. Calculate x(v).
7
Let j(n) = n + 9. Let t(r) = r**3 - 2*r - 1. Suppose 29*q - 28*q + 1 = 0. Let v be t(q). Determine j(v).
9
Let h(d) = d**2 - 3. Let r be 416/91 + 6/14. Let t(p) = p**2 - 3. Let l(m) = r*t(m) - 4*h(m). Calculate l(4).
13
Suppose 3*v = -0*v. Suppose v = q + 4*q - 20. Let n(x) = -3*x + x - 170 + 171. Determine n(q).
-7
Suppose 143 + 130 = -3*c. Let a = 85 + c. Let x(v) = v**2 + 6*v - 1. What is x(a)?
-1
Let w be -5 + 22/4 - 2/4. Let c(s) be the third derivative of 3*s**2 + 1/24*s**4 + 0 + 4/3*s**3 + w*s. Give c(-6).
2
Let x(y) = -y**2. Let k(o) = -1. Let n(j) = k(j) + x(j). Let p be 4/(-6) - (-2)/3. Determine n(p).
-1
Let i(l) = -l**2 - 4*l + 7. Let a(z) = 7*z + 1. Let p be a(-1). Suppose -6*d + 4*d = 8. Let v be 45/(-6)*d/p. Calculate i(v).
2
Let a(y) = y**2 - 89*y - 173. Let r be a(-2). Let q(j) = -j**2 + 6*j - 13. Determine q(r).
-40
Let n(h) = 2*h + 4. Let v = -30 + 56. Suppose -4*r = -2*u - v, u - 11 = -r - 3*r. Calculate n(r).
12
Suppose -8 = z - 3*o, -13*z + 4*o = -16*z - 37. Let h(f) = -f**3 - 10*f**2 + 10*f - 8. Calculate h(z).
3
Suppose -3*k + 0*k = 4*p - 101, 4*k - p = 141. Let o = k - 30. Let l(r) = -r**2 + r - 3. Give l(o).
-23
Suppose 0 = -0*p + 4*p - 80. Let k = p - 25. Let a(j) = -2*j - 4. Give a(k).
6
Let u be ((-20)/(-15))/((-4)/(-15)). Let f(g) = -g**2 + 7*g - 6. What is f(u)?
4
Let p(b) = 7*b**2 + 4*b - 8. Let t(y) = 4*y**2 + 2*y - 4. Suppose 3*w - m + 2 = 2*w, 2*w + 2*m = 16. Let j(d) = w*p(d) - 5*t(d). What is j(3)?
11
Let z(j) = j**2 + 4*j - 2. Suppose 12 = 6*y - 12. Suppose 0 = -y*v + 14 + 22. Suppose v*c - 5*c + 16 = 0. What is z(c)?
-2
Let b(p) = p**2 + 4*p + 4. Let c be 56/10 + -5 - 54/(-10). Suppose 0 = -c*y + 11*y + 25. Calculate b(y).
9
Suppose -v = -6*v - 2*x + 312, -4*x + 252 = 4*v. Let d = v + -68. Let i(o) = o - 4. What is i(d)?
-10
Let h(l) = 3*l**2 + 6*l - 4. Let a(b) = b**2 + b. Let d(c) = -7*a(c) + h(c). Give d(-3).
-37
Let o(y) = -3*y**3 - 6*y**2 + 3*y + 8. Let w(b) = 7*b**3 + 13*b**2 - 6*b - 17. Let r = -4 + -23. Let d = 25 + r. Let t(u) = d*w(u) - 5*o(u). What is t(-4)?
6
Let g(t) = 5*t**2 - 4*t + 2. Let k = -23 + 14. Let z(c) = 5 + 34*c - 1 - 80*c + 39*c + 11*c**2. Let d(m) = k*g(m) + 4*z(m). Determine d(6).
10
Let b(v) = 3*v. Let c(l) = -11*l. Let r(p) = -12*b(p) - 3*c(p). Suppose u + u - 5*j + 2 = 0, 0 = 2*u + 4*j - 16. Suppose q = u - 2. Calculate r(q).
-6
Let v(z) = 4*z**2 + 2*z + 1. Suppose -3*b + 4 = l, -2*b = l + 2 - 4. Let c be (9/l + 4)*2. Determine v(c).
3
Suppose -491 = -5*o - 111. Let g = -81 + o. Let l(b) = -b**3 - 6*b**2 - 3*b + 6. What is l(g)?
-4
Let w(u) = -2*u**3 - u - 7. Suppose 4*r + 20 = 32, 0 = z + 4*r - 10. Give w(z).
11
Suppose -4*m + 0 = -p - 5, 2*m = -3*p + 41. Let d(v) = -v**3 + 12*v**2 - 11*v - 8. What is d(p)?
-8
Let x(s) = -s**2 + 4*s - 6. Let j be 0 - (0 + 0 + (-6 - -2)). Give x(j).
-6
Let d(p) = p**3 + 7*p**2 - 4*p - 54. Let v be d(-4). Let c(k) = -k**2 + 12*k - 12. Determine c(v).
8
Let y = -21 + 24. Let l(k) = -5*k**2 - 6 - 12*k - k + k**y + 15*k. Calculate l(5).
4
Let q(b) = -452 + 883 - 2*b - 440 + b. Let y = -3 - -3. What is q(y)?
-9
Let y(w) = w - 9. Let u(c) = 6*c**2 - 62*c + 20. Let z be u(10). Determine y(z).
-9
Let z(k) = k**2 - 3. Let y be 180/(-30) + -2 + 3. Give z(y).
22
Let r(q) be the second derivative of 0*q**2 + 0 + 1/4*q**4 + 0*q**3 + 1/360*q**6 + 1/40*q**5 - 7*q. Let h(o) be the third derivative of r(o). What is h(4)?
11
Let p = -44 - -46. Let v(w) = w - 24*w**p + 11*w**2 + 15*w**2. Suppose 4 = -0*c - 2*c. Calculate v(c).
6
Suppose 3*t + n - 7 = 0, 0 = -0*t - 2*t - n + 5. Let k(i) = 13 - 7*i - 13. Determine k(t).
-14
Let j(x) = -3*x**3 + 4*x**2 + 8*x + 4. Let l(z) = 8*z**3 - 7*z**2 - 17*z - 8. Let a(m) = 5*j(m) + 2*l(m). Determine a(-5).
-1
Let v(q) = -q**2 + 16*q - 5. Let h = -356 + 371. Calculate v(h).
10
Let n(x) = -x**2 - 21*x - 11. Let i be (-12)/27*43 - 19/(-171). Calculate n(i).
27
Let i(r) be the first derivative of -13 - 2*r + 1/3*r**3 + 1/2*r**2. Calculate i(0).
-2
Let q be (-16)/(-12)*-3 + 2. Let w(j) = -j**3 - j**2 + j + 1. Let x be w(q). Suppose -2*d + x + 1 = 0. Let h(p) = -2*p + 2. Calculate h(d).
-2
Let w(g) = -6*g**3 + 2*g**2 + 2*g + 1. Suppose 0*j - j + 3 = 0. Suppose -4*b = 2*p + 3 - 11, 3*b = -j*p. Let n be p*1 + (7 - 4). Calculate w(n).
7
Let d(t) be the second derivative of -t**7/2520 - t**6/360 + t**5/120 - 7*t**4/4 - 21*t. Let o(l) be the third derivative of d(l). Determine o(-3).
-2
Let r(i) = -7*i**2 + 8*i - 8. Let s(j) = 9*j**2 - 9*j + 9. Let u(a) = -4*r(a) - 3*s(a). Let b = -16 + 22. Give u(b).
11
Let b(w) = 96*w - 10 - w**2 - 45*w - 62*w. Suppose 0*g + 2*g - 10 = 0, -4*s - 26 = 2*g. Determine b(s).
8
Let i(d) = 20*d**3 - 9*d**2 + 2*d - 14. Let x(f) = -7*f**3 + 3*f**2 - f + 5. Let z(k) = -6*i(k) - 17*x(k). Determine z(4).
3
Let g(c) be the second derivative of -c**5/20 + c**4/2 - 7*c**3/6 + 3*c**2/2 - c - 139. Give g(5).
-7
Let h(z) be the third derivative of -z**5/60 + 3*z**4/8 - 7*z**3/2 - 4*z**2 + 4. Calculate h(6).
-3
Suppose -u = -3*c + 21, -3*u - 4*c - 37 = -